{"id":4600,"date":"2017-08-19T13:50:08","date_gmt":"2017-08-19T18:50:08","guid":{"rendered":"http:\/\/cristinacortinas.org\/sustentabilidad\/?page_id=4600"},"modified":"2017-08-19T14:04:43","modified_gmt":"2017-08-19T19:04:43","slug":"programas-de-residuos-por-estados","status":"publish","type":"page","link":"https:\/\/cristinacortinas.org\/sustentabilidad\/programas-de-residuos-por-estados\/","title":{"rendered":"Programas de Residuos Estatales"},"content":{"rendered":"<div class=\"span12 \"><div class=\"title-box clearfix \"><h2 class=\"title-box_primary\">descargas<\/h2><\/div><!-- \/\/.title-box --><\/div>\n<hr \/>\n<div class=\"span7 \"><div class='w3eden'><!-- WPDM Link Template: Default Template -->\n\n<div class=\"link-template-default card mb-2\">\n    <div class=\"card-body\">\n        <div class=\"media\">\n            <div class=\"mr-3 img-48\"><img decoding=\"async\" class=\"wpdm_icon\" alt=\"Icono\"   src=\"http:\/\/cristinacortinas.org\/sustentabilidad\/wp-content\/plugins\/download-manager\/assets\/file-type-icons\/pdf.png\" \/><\/div>\n            <div class=\"media-body\">\n                <h3 class=\"package-title\"><a href='https:\/\/cristinacortinas.org\/sustentabilidad\/download\/programa-estatal-para-la-prevencion-y-gestion-integral-de-los-residuos-solidos-urbanos-y-de-manejo-especial-para-el-estado-de-aguascalientes\/'>Programa Estatal para la Prevenci\u00f3n y Gesti\u00f3n Integral de los Residuos S\u00f3lidos Urbanos y de Manejo Especial para el Estado de Aguascalientes<\/a><\/h3>\n                <div class=\"text-muted text-small\"><i class=\"fas fa-copy\"><\/i> 1 archivo(s) <i class=\"fas fa-hdd ml-3\"><\/i> 1.27 MB<\/div>\n            <\/div>\n            <div class=\"ml-3\">\n                <a class='wpdm-download-link download-on-click btn btn-info ' rel='nofollow' href='#' data-downloadurl=\"https:\/\/cristinacortinas.org\/sustentabilidad\/download\/programa-estatal-para-la-prevencion-y-gestion-integral-de-los-residuos-solidos-urbanos-y-de-manejo-especial-para-el-estado-de-aguascalientes\/?wpdmdl=4603&refresh=69d72da950fc81775709609\">Descargar<\/a>\n            <\/div>\n        <\/div>\n    <\/div>\n<\/div>\n\n<\/div>\n<hr \/>\n<div class='w3eden'><!-- WPDM Link Template: Default Template -->\n\n<div class=\"link-template-default card mb-2\">\n    <div class=\"card-body\">\n        <div class=\"media\">\n            <div class=\"mr-3 img-48\"><img decoding=\"async\" class=\"wpdm_icon\" alt=\"Icono\"   src=\"http:\/\/cristinacortinas.org\/sustentabilidad\/wp-content\/plugins\/download-manager\/assets\/file-type-icons\/pdf.png\" \/><\/div>\n            <div class=\"media-body\">\n                <h3 class=\"package-title\"><a href='https:\/\/cristinacortinas.org\/sustentabilidad\/download\/programa-estatal-para-la-prevencion-y-gestion-integral-de-los-residuos-solidos-urbanos-y-de-manejo-especial-para-el-estado-de-baja-california\/'>Programa Estatal para la Prevenci\u00f3n y Gesti\u00f3n Integral de los Residuos S\u00f3lidos Urbanos y de Manejo Especial para el Estado de Baja California<\/a><\/h3>\n                <div class=\"text-muted text-small\"><i class=\"fas fa-copy\"><\/i> 1 archivo(s) <i class=\"fas fa-hdd ml-3\"><\/i> 2.92 MB<\/div>\n            <\/div>\n            <div class=\"ml-3\">\n                <a class='wpdm-download-link download-on-click btn btn-info ' rel='nofollow' href='#' data-downloadurl=\"https:\/\/cristinacortinas.org\/sustentabilidad\/download\/programa-estatal-para-la-prevencion-y-gestion-integral-de-los-residuos-solidos-urbanos-y-de-manejo-especial-para-el-estado-de-baja-california\/?wpdmdl=4604&refresh=69d72da95570e1775709609\">Descargar<\/a>\n            <\/div>\n        <\/div>\n    <\/div>\n<\/div>\n\n<\/div>\n<hr \/>\n<div class='w3eden'><!-- WPDM Link Template: Default Template -->\n\n<div class=\"link-template-default card mb-2\">\n    <div class=\"card-body\">\n        <div class=\"media\">\n            <div class=\"mr-3 img-48\"><img decoding=\"async\" class=\"wpdm_icon\" alt=\"Icono\"   src=\"http:\/\/cristinacortinas.org\/sustentabilidad\/wp-content\/plugins\/download-manager\/assets\/file-type-icons\/pdf.png\" \/><\/div>\n            <div class=\"media-body\">\n                <h3 class=\"package-title\"><a href='https:\/\/cristinacortinas.org\/sustentabilidad\/download\/programa-estatal-para-la-prevencion-y-gestion-integral-de-los-residuos-solidos-urbanos-y-de-manejo-especial-para-el-estado-coahuila\/'>Programa Estatal para la Prevenci\u00f3n y Gesti\u00f3n Integral de los Residuos S\u00f3lidos Urbanos y de Manejo Especial para el Estado Coahuila<\/a><\/h3>\n                <div class=\"text-muted text-small\"><i class=\"fas fa-copy\"><\/i> 1 archivo(s) <i class=\"fas fa-hdd ml-3\"><\/i> 1.37 MB<\/div>\n            <\/div>\n            <div class=\"ml-3\">\n                <a class='wpdm-download-link download-on-click btn btn-info ' rel='nofollow' href='#' data-downloadurl=\"https:\/\/cristinacortinas.org\/sustentabilidad\/download\/programa-estatal-para-la-prevencion-y-gestion-integral-de-los-residuos-solidos-urbanos-y-de-manejo-especial-para-el-estado-coahuila\/?wpdmdl=4602&refresh=69d72da9597651775709609\">Descargar<\/a>\n            <\/div>\n        <\/div>\n    <\/div>\n<\/div>\n\n<\/div>\n<hr \/>\n<div class='w3eden'><!-- WPDM Link Template: Default Template -->\n\n<div class=\"link-template-default card mb-2\">\n    <div class=\"card-body\">\n        <div class=\"media\">\n            <div class=\"mr-3 img-48\"><img decoding=\"async\" class=\"wpdm_icon\" alt=\"Icono\"   src=\"http:\/\/cristinacortinas.org\/sustentabilidad\/wp-content\/plugins\/download-manager\/assets\/file-type-icons\/pdf.png\" \/><\/div>\n            <div class=\"media-body\">\n                <h3 class=\"package-title\"><a href='https:\/\/cristinacortinas.org\/sustentabilidad\/download\/programa-estatal-para-la-prevencion-y-gestion-integral-de-los-residuos-solidos-urbanos-y-de-manejo-especial-para-el-estado-de-chihuahua\/'>Programa Estatal para la Prevenci\u00f3n y Gesti\u00f3n Integral de los Residuos S\u00f3lidos Urbanos y de Manejo Especial para el Estado de Chihuahua<\/a><\/h3>\n                <div class=\"text-muted text-small\"><i class=\"fas fa-copy\"><\/i> 1 archivo(s) <i class=\"fas fa-hdd ml-3\"><\/i> 6.48 MB<\/div>\n            <\/div>\n            <div class=\"ml-3\">\n                <a class='wpdm-download-link download-on-click btn btn-info ' rel='nofollow' href='#' data-downloadurl=\"https:\/\/cristinacortinas.org\/sustentabilidad\/download\/programa-estatal-para-la-prevencion-y-gestion-integral-de-los-residuos-solidos-urbanos-y-de-manejo-especial-para-el-estado-de-chihuahua\/?wpdmdl=4609&refresh=69d72da95d6c41775709609\">Descargar<\/a>\n            <\/div>\n        <\/div>\n    <\/div>\n<\/div>\n\n<\/div><\/div>\n","protected":false},"excerpt":{"rendered":"","protected":false},"author":1,"featured_media":0,"parent":0,"menu_order":0,"comment_status":"closed","ping_status":"closed","template":"","meta":{"footnotes":""},"class_list":["post-4600","page","type-page","status-publish","hentry"],"_links":{"self":[{"href":"https:\/\/cristinacortinas.org\/sustentabilidad\/wp-json\/wp\/v2\/pages\/4600","targetHints":{"allow":["GET"]}}],"collection":[{"href":"https:\/\/cristinacortinas.org\/sustentabilidad\/wp-json\/wp\/v2\/pages"}],"about":[{"href":"https:\/\/cristinacortinas.org\/sustentabilidad\/wp-json\/wp\/v2\/types\/page"}],"author":[{"embeddable":true,"href":"https:\/\/cristinacortinas.org\/sustentabilidad\/wp-json\/wp\/v2\/users\/1"}],"replies":[{"embeddable":true,"href":"https:\/\/cristinacortinas.org\/sustentabilidad\/wp-json\/wp\/v2\/comments?post=4600"}],"version-history":[{"count":6,"href":"https:\/\/cristinacortinas.org\/sustentabilidad\/wp-json\/wp\/v2\/pages\/4600\/revisions"}],"predecessor-version":[{"id":4616,"href":"https:\/\/cristinacortinas.org\/sustentabilidad\/wp-json\/wp\/v2\/pages\/4600\/revisions\/4616"}],"wp:attachment":[{"href":"https:\/\/cristinacortinas.org\/sustentabilidad\/wp-json\/wp\/v2\/media?parent=4600"}],"curies":[{"name":"wp","href":"https:\/\/api.w.org\/{rel}","templated":true}]}}