{"id":2980,"date":"2016-04-06T22:58:10","date_gmt":"2016-04-07T03:58:10","guid":{"rendered":"http:\/\/cristinacortinas.org\/sustentabilidad\/?page_id=2980"},"modified":"2016-04-27T13:13:09","modified_gmt":"2016-04-27T18:13:09","slug":"acuerdo-de-cooperacion-ambiental-de-america-del-norte","status":"publish","type":"page","link":"https:\/\/cristinacortinas.org\/sustentabilidad\/acuerdo-de-cooperacion-ambiental-de-america-del-norte\/","title":{"rendered":"Acuerdo de Cooperaci\u00f3n Ambiental de Am\u00e9rica del Norte"},"content":{"rendered":"<div class=\"span12 \"><div class=\"title-box clearfix \"><h2 class=\"title-box_primary\">descargas<\/h2><\/div><!-- \/\/.title-box --><\/div>\n<hr \/>\n<div class=\"span7 \"><div class='w3eden'><!-- WPDM Link Template: Default Template -->\n\n<div class=\"link-template-default card mb-2\">\n    <div class=\"card-body\">\n        <div class=\"media\">\n            <div class=\"mr-3 img-48\"><img decoding=\"async\" class=\"wpdm_icon\" alt=\"Icono\"   src=\"http:\/\/cristinacortinas.org\/sustentabilidad\/wp-content\/plugins\/download-manager\/assets\/file-type-icons\/pdf.png\" \/><\/div>\n            <div class=\"media-body\">\n                <h3 class=\"package-title\"><a href='https:\/\/cristinacortinas.org\/sustentabilidad\/download\/determinacion-de-la-cca-sobre-peticion-ciudadana-mexicana-sobre-televisores-analogicos\/'>Determinaci\u00f3n de la CCA sobre petici\u00f3n ciudadana mexicana sobre televisores anal\u00f3gicos<\/a><\/h3>\n                <div class=\"text-muted text-small\"><i class=\"fas fa-copy\"><\/i> 1 archivo(s) <i class=\"fas fa-hdd ml-3\"><\/i> 100.00 KB<\/div>\n            <\/div>\n            <div class=\"ml-3\">\n                <a class='wpdm-download-link download-on-click btn btn-info ' rel='nofollow' href='#' data-downloadurl=\"https:\/\/cristinacortinas.org\/sustentabilidad\/download\/determinacion-de-la-cca-sobre-peticion-ciudadana-mexicana-sobre-televisores-analogicos\/?wpdmdl=3026&refresh=69f146361f79d1777419830\">Descargar<\/a>\n            <\/div>\n        <\/div>\n    <\/div>\n<\/div>\n\n<\/div>\n<hr \/>\n<div class='w3eden'><!-- WPDM Link Template: Default Template -->\n\n<div class=\"link-template-default card mb-2\">\n    <div class=\"card-body\">\n        <div class=\"media\">\n            <div class=\"mr-3 img-48\"><img decoding=\"async\" class=\"wpdm_icon\" alt=\"Icono\"   src=\"http:\/\/cristinacortinas.org\/sustentabilidad\/wp-content\/plugins\/download-manager\/assets\/file-type-icons\/pdf.png\" \/><\/div>\n            <div class=\"media-body\">\n                <h3 class=\"package-title\"><a href='https:\/\/cristinacortinas.org\/sustentabilidad\/download\/acuerdo-de-cooperacion-ambiental-de-america-del-norte\/'>Acuerdo de Cooperaci\u00f3n Ambiental de Am\u00e9rica del Norte<\/a><\/h3>\n                <div class=\"text-muted text-small\"><i class=\"fas fa-copy\"><\/i> 1 archivo(s) <i class=\"fas fa-hdd ml-3\"><\/i> 3.03 MB<\/div>\n            <\/div>\n            <div class=\"ml-3\">\n                <a class='wpdm-download-link download-on-click btn btn-info ' rel='nofollow' href='#' data-downloadurl=\"https:\/\/cristinacortinas.org\/sustentabilidad\/download\/acuerdo-de-cooperacion-ambiental-de-america-del-norte\/?wpdmdl=2990&refresh=69f1463623c851777419830\">Descargar<\/a>\n            <\/div>\n        <\/div>\n    <\/div>\n<\/div>\n\n<\/div>\n<hr \/>\n<div class='w3eden'><!-- WPDM Link Template: Default Template -->\n\n<div class=\"link-template-default card mb-2\">\n    <div class=\"card-body\">\n        <div class=\"media\">\n            <div class=\"mr-3 img-48\"><img decoding=\"async\" class=\"wpdm_icon\" alt=\"Icono\"   src=\"http:\/\/cristinacortinas.org\/sustentabilidad\/wp-content\/plugins\/download-manager\/assets\/file-type-icons\/pdf.png\" \/><\/div>\n            <div class=\"media-body\">\n                <h3 class=\"package-title\"><a href='https:\/\/cristinacortinas.org\/sustentabilidad\/download\/plan-estrategico-de-la-comision-para-la-cooperacion-ambiental-de-america-del-norte-2015-2020\/'>Plan estrat\u00e9gico de la Comisi\u00f3n para la Cooperaci\u00f3n  Ambiental de Am\u00e9rica del Norte 2015-2020<\/a><\/h3>\n                <div class=\"text-muted text-small\"><i class=\"fas fa-copy\"><\/i> 1 archivo(s) <i class=\"fas fa-hdd ml-3\"><\/i> 1.00 MB<\/div>\n            <\/div>\n            <div class=\"ml-3\">\n                <a class='wpdm-download-link download-on-click btn btn-info ' rel='nofollow' href='#' data-downloadurl=\"https:\/\/cristinacortinas.org\/sustentabilidad\/download\/plan-estrategico-de-la-comision-para-la-cooperacion-ambiental-de-america-del-norte-2015-2020\/?wpdmdl=2975&refresh=69f1463627ea21777419830\">Descargar<\/a>\n            <\/div>\n        <\/div>\n    <\/div>\n<\/div>\n\n<\/div>\n<hr \/><\/div>\n","protected":false},"excerpt":{"rendered":"","protected":false},"author":1,"featured_media":0,"parent":0,"menu_order":0,"comment_status":"closed","ping_status":"closed","template":"","meta":{"footnotes":""},"class_list":["post-2980","page","type-page","status-publish","hentry"],"yoast_head":"<!-- This site is optimized with the Yoast SEO plugin v27.4 - https:\/\/yoast.com\/product\/yoast-seo-wordpress\/ -->\n<title>Acuerdo de Cooperaci\u00f3n Ambiental de Am\u00e9rica del Norte - Dra. Ma. Cristina Cortinas Dur\u00e1n<\/title>\n<meta name=\"robots\" content=\"index, follow, max-snippet:-1, max-image-preview:large, max-video-preview:-1\" \/>\n<link rel=\"canonical\" href=\"https:\/\/cristinacortinas.org\/sustentabilidad\/acuerdo-de-cooperacion-ambiental-de-america-del-norte\/\" \/>\n<meta property=\"og:locale\" content=\"es_ES\" \/>\n<meta property=\"og:type\" content=\"article\" \/>\n<meta property=\"og:title\" content=\"Acuerdo de Cooperaci\u00f3n Ambiental de Am\u00e9rica del Norte - Dra. Ma. Cristina Cortinas Dur\u00e1n\" \/>\n<meta property=\"og:url\" content=\"https:\/\/cristinacortinas.org\/sustentabilidad\/acuerdo-de-cooperacion-ambiental-de-america-del-norte\/\" \/>\n<meta property=\"og:site_name\" content=\"Dra. Ma. Cristina Cortinas Dur\u00e1n\" \/>\n<meta property=\"article:publisher\" content=\"https:\/\/www.facebook.com\/cristinacortinasduran\/\" \/>\n<meta property=\"article:modified_time\" content=\"2016-04-27T18:13:09+00:00\" \/>\n<meta name=\"twitter:card\" content=\"summary_large_image\" \/>\n<meta name=\"twitter:site\" content=\"@DraCrisCortinas\" \/>\n<script type=\"application\/ld+json\" class=\"yoast-schema-graph\">{\"@context\":\"https:\\\/\\\/schema.org\",\"@graph\":[{\"@type\":\"WebPage\",\"@id\":\"https:\\\/\\\/cristinacortinas.org\\\/sustentabilidad\\\/acuerdo-de-cooperacion-ambiental-de-america-del-norte\\\/\",\"url\":\"https:\\\/\\\/cristinacortinas.org\\\/sustentabilidad\\\/acuerdo-de-cooperacion-ambiental-de-america-del-norte\\\/\",\"name\":\"Acuerdo de Cooperaci\u00f3n Ambiental de Am\u00e9rica del Norte - Dra. Ma. Cristina Cortinas Dur\u00e1n\",\"isPartOf\":{\"@id\":\"https:\\\/\\\/cristinacortinas.org\\\/sustentabilidad\\\/#website\"},\"datePublished\":\"2016-04-07T03:58:10+00:00\",\"dateModified\":\"2016-04-27T18:13:09+00:00\",\"breadcrumb\":{\"@id\":\"https:\\\/\\\/cristinacortinas.org\\\/sustentabilidad\\\/acuerdo-de-cooperacion-ambiental-de-america-del-norte\\\/#breadcrumb\"},\"inLanguage\":\"es\",\"potentialAction\":[{\"@type\":\"ReadAction\",\"target\":[\"https:\\\/\\\/cristinacortinas.org\\\/sustentabilidad\\\/acuerdo-de-cooperacion-ambiental-de-america-del-norte\\\/\"]}]},{\"@type\":\"BreadcrumbList\",\"@id\":\"https:\\\/\\\/cristinacortinas.org\\\/sustentabilidad\\\/acuerdo-de-cooperacion-ambiental-de-america-del-norte\\\/#breadcrumb\",\"itemListElement\":[{\"@type\":\"ListItem\",\"position\":1,\"name\":\"Portada\",\"item\":\"https:\\\/\\\/cristinacortinas.org\\\/sustentabilidad\\\/\"},{\"@type\":\"ListItem\",\"position\":2,\"name\":\"Acuerdo de Cooperaci\u00f3n Ambiental de Am\u00e9rica del Norte\"}]},{\"@type\":\"WebSite\",\"@id\":\"https:\\\/\\\/cristinacortinas.org\\\/sustentabilidad\\\/#website\",\"url\":\"https:\\\/\\\/cristinacortinas.org\\\/sustentabilidad\\\/\",\"name\":\"Dra. Ma. Cristina Cortinas Dur\u00e1n\",\"description\":\"\",\"potentialAction\":[{\"@type\":\"SearchAction\",\"target\":{\"@type\":\"EntryPoint\",\"urlTemplate\":\"https:\\\/\\\/cristinacortinas.org\\\/sustentabilidad\\\/?s={search_term_string}\"},\"query-input\":{\"@type\":\"PropertyValueSpecification\",\"valueRequired\":true,\"valueName\":\"search_term_string\"}}],\"inLanguage\":\"es\"}]}<\/script>\n<!-- \/ Yoast SEO plugin. -->","yoast_head_json":{"title":"Acuerdo de Cooperaci\u00f3n Ambiental de Am\u00e9rica del Norte - Dra. Ma. Cristina Cortinas Dur\u00e1n","robots":{"index":"index","follow":"follow","max-snippet":"max-snippet:-1","max-image-preview":"max-image-preview:large","max-video-preview":"max-video-preview:-1"},"canonical":"https:\/\/cristinacortinas.org\/sustentabilidad\/acuerdo-de-cooperacion-ambiental-de-america-del-norte\/","og_locale":"es_ES","og_type":"article","og_title":"Acuerdo de Cooperaci\u00f3n Ambiental de Am\u00e9rica del Norte - Dra. Ma. Cristina Cortinas Dur\u00e1n","og_url":"https:\/\/cristinacortinas.org\/sustentabilidad\/acuerdo-de-cooperacion-ambiental-de-america-del-norte\/","og_site_name":"Dra. Ma. Cristina Cortinas Dur\u00e1n","article_publisher":"https:\/\/www.facebook.com\/cristinacortinasduran\/","article_modified_time":"2016-04-27T18:13:09+00:00","twitter_card":"summary_large_image","twitter_site":"@DraCrisCortinas","schema":{"@context":"https:\/\/schema.org","@graph":[{"@type":"WebPage","@id":"https:\/\/cristinacortinas.org\/sustentabilidad\/acuerdo-de-cooperacion-ambiental-de-america-del-norte\/","url":"https:\/\/cristinacortinas.org\/sustentabilidad\/acuerdo-de-cooperacion-ambiental-de-america-del-norte\/","name":"Acuerdo de Cooperaci\u00f3n Ambiental de Am\u00e9rica del Norte - Dra. Ma. Cristina Cortinas Dur\u00e1n","isPartOf":{"@id":"https:\/\/cristinacortinas.org\/sustentabilidad\/#website"},"datePublished":"2016-04-07T03:58:10+00:00","dateModified":"2016-04-27T18:13:09+00:00","breadcrumb":{"@id":"https:\/\/cristinacortinas.org\/sustentabilidad\/acuerdo-de-cooperacion-ambiental-de-america-del-norte\/#breadcrumb"},"inLanguage":"es","potentialAction":[{"@type":"ReadAction","target":["https:\/\/cristinacortinas.org\/sustentabilidad\/acuerdo-de-cooperacion-ambiental-de-america-del-norte\/"]}]},{"@type":"BreadcrumbList","@id":"https:\/\/cristinacortinas.org\/sustentabilidad\/acuerdo-de-cooperacion-ambiental-de-america-del-norte\/#breadcrumb","itemListElement":[{"@type":"ListItem","position":1,"name":"Portada","item":"https:\/\/cristinacortinas.org\/sustentabilidad\/"},{"@type":"ListItem","position":2,"name":"Acuerdo de Cooperaci\u00f3n Ambiental de Am\u00e9rica del Norte"}]},{"@type":"WebSite","@id":"https:\/\/cristinacortinas.org\/sustentabilidad\/#website","url":"https:\/\/cristinacortinas.org\/sustentabilidad\/","name":"Dra. Ma. Cristina Cortinas Dur\u00e1n","description":"","potentialAction":[{"@type":"SearchAction","target":{"@type":"EntryPoint","urlTemplate":"https:\/\/cristinacortinas.org\/sustentabilidad\/?s={search_term_string}"},"query-input":{"@type":"PropertyValueSpecification","valueRequired":true,"valueName":"search_term_string"}}],"inLanguage":"es"}]}},"_links":{"self":[{"href":"https:\/\/cristinacortinas.org\/sustentabilidad\/wp-json\/wp\/v2\/pages\/2980","targetHints":{"allow":["GET"]}}],"collection":[{"href":"https:\/\/cristinacortinas.org\/sustentabilidad\/wp-json\/wp\/v2\/pages"}],"about":[{"href":"https:\/\/cristinacortinas.org\/sustentabilidad\/wp-json\/wp\/v2\/types\/page"}],"author":[{"embeddable":true,"href":"https:\/\/cristinacortinas.org\/sustentabilidad\/wp-json\/wp\/v2\/users\/1"}],"replies":[{"embeddable":true,"href":"https:\/\/cristinacortinas.org\/sustentabilidad\/wp-json\/wp\/v2\/comments?post=2980"}],"version-history":[{"count":6,"href":"https:\/\/cristinacortinas.org\/sustentabilidad\/wp-json\/wp\/v2\/pages\/2980\/revisions"}],"predecessor-version":[{"id":3099,"href":"https:\/\/cristinacortinas.org\/sustentabilidad\/wp-json\/wp\/v2\/pages\/2980\/revisions\/3099"}],"wp:attachment":[{"href":"https:\/\/cristinacortinas.org\/sustentabilidad\/wp-json\/wp\/v2\/media?parent=2980"}],"curies":[{"name":"wp","href":"https:\/\/api.w.org\/{rel}","templated":true}]}}

Acuerdo de Cooperación Ambiental de América del Norte

<div class="span12 "><div class="title-box clearfix "><h2 class="title-box_primary">descargas</h2></div><!-- //.title-box --></div>
<hr />
<div class="span7 "><div class='w3eden'><!-- WPDM Link Template: Default Template -->

<div class="link-template-default card mb-2">
    <div class="card-body">
        <div class="media">
            <div class="mr-3 img-48"><img decoding="async" class="wpdm_icon" alt="Icono"   src="http://cristinacortinas.org/sustentabilidad/wp-content/plugins/download-manager/assets/file-type-icons/pdf.png" /></div>
            <div class="media-body">
                <h3 class="package-title"><a href='https://cristinacortinas.org/sustentabilidad/download/determinacion-de-la-cca-sobre-peticion-ciudadana-mexicana-sobre-televisores-analogicos/'>Determinación de la CCA sobre petición ciudadana mexicana sobre televisores analógicos</a></h3>
                <div class="text-muted text-small"><i class="fas fa-copy"></i> 1 archivo(s) <i class="fas fa-hdd ml-3"></i> 100.00 KB</div>
            </div>
            <div class="ml-3">
                <a class='wpdm-download-link download-on-click btn btn-info ' rel='nofollow' href='#' data-downloadurl="https://cristinacortinas.org/sustentabilidad/download/determinacion-de-la-cca-sobre-peticion-ciudadana-mexicana-sobre-televisores-analogicos/?wpdmdl=3026&refresh=69f146361f79d1777419830">Descargar</a>
            </div>
        </div>
    </div>
</div>

</div>
<hr />
<div class='w3eden'><!-- WPDM Link Template: Default Template -->

<div class="link-template-default card mb-2">
    <div class="card-body">
        <div class="media">
            <div class="mr-3 img-48"><img decoding="async" class="wpdm_icon" alt="Icono"   src="http://cristinacortinas.org/sustentabilidad/wp-content/plugins/download-manager/assets/file-type-icons/pdf.png" /></div>
            <div class="media-body">
                <h3 class="package-title"><a href='https://cristinacortinas.org/sustentabilidad/download/acuerdo-de-cooperacion-ambiental-de-america-del-norte/'>Acuerdo de Cooperación Ambiental de América del Norte</a></h3>
                <div class="text-muted text-small"><i class="fas fa-copy"></i> 1 archivo(s) <i class="fas fa-hdd ml-3"></i> 3.03 MB</div>
            </div>
            <div class="ml-3">
                <a class='wpdm-download-link download-on-click btn btn-info ' rel='nofollow' href='#' data-downloadurl="https://cristinacortinas.org/sustentabilidad/download/acuerdo-de-cooperacion-ambiental-de-america-del-norte/?wpdmdl=2990&refresh=69f1463623c851777419830">Descargar</a>
            </div>
        </div>
    </div>
</div>

</div>
<hr />
<div class='w3eden'><!-- WPDM Link Template: Default Template -->

<div class="link-template-default card mb-2">
    <div class="card-body">
        <div class="media">
            <div class="mr-3 img-48"><img decoding="async" class="wpdm_icon" alt="Icono"   src="http://cristinacortinas.org/sustentabilidad/wp-content/plugins/download-manager/assets/file-type-icons/pdf.png" /></div>
            <div class="media-body">
                <h3 class="package-title"><a href='https://cristinacortinas.org/sustentabilidad/download/plan-estrategico-de-la-comision-para-la-cooperacion-ambiental-de-america-del-norte-2015-2020/'>Plan estratégico de la Comisión para la Cooperación  Ambiental de América del Norte 2015-2020</a></h3>
                <div class="text-muted text-small"><i class="fas fa-copy"></i> 1 archivo(s) <i class="fas fa-hdd ml-3"></i> 1.00 MB</div>
            </div>
            <div class="ml-3">
                <a class='wpdm-download-link download-on-click btn btn-info ' rel='nofollow' href='#' data-downloadurl="https://cristinacortinas.org/sustentabilidad/download/plan-estrategico-de-la-comision-para-la-cooperacion-ambiental-de-america-del-norte-2015-2020/?wpdmdl=2975&refresh=69f1463627ea21777419830">Descargar</a>
            </div>
        </div>
    </div>
</div>

</div>
<hr /></div>

<!-- This site is optimized with the Yoast SEO plugin v27.4 - https://yoast.com/product/yoast-seo-wordpress/ -->
<title>Acuerdo de Cooperación Ambiental de América del Norte - Dra. Ma. Cristina Cortinas Durán</title>
<meta name="robots" content="index, follow, max-snippet:-1, max-image-preview:large, max-video-preview:-1" />
<link rel="canonical" href="https://cristinacortinas.org/sustentabilidad/acuerdo-de-cooperacion-ambiental-de-america-del-norte/" />
<meta property="og:locale" content="es_ES" />
<meta property="og:type" content="article" />
<meta property="og:title" content="Acuerdo de Cooperación Ambiental de América del Norte - Dra. Ma. Cristina Cortinas Durán" />
<meta property="og:url" content="https://cristinacortinas.org/sustentabilidad/acuerdo-de-cooperacion-ambiental-de-america-del-norte/" />
<meta property="og:site_name" content="Dra. Ma. Cristina Cortinas Durán" />
<meta property="article:publisher" content="https://www.facebook.com/cristinacortinasduran/" />
<meta property="article:modified_time" content="2016-04-27T18:13:09+00:00" />
<meta name="twitter:card" content="summary_large_image" />
<meta name="twitter:site" content="@DraCrisCortinas" />
<script type="application/ld+json" class="yoast-schema-graph">{"@context":"https:\/\/schema.org","@graph":[{"@type":"WebPage","@id":"https:\/\/cristinacortinas.org\/sustentabilidad\/acuerdo-de-cooperacion-ambiental-de-america-del-norte\/","url":"https:\/\/cristinacortinas.org\/sustentabilidad\/acuerdo-de-cooperacion-ambiental-de-america-del-norte\/","name":"Acuerdo de Cooperación Ambiental de América del Norte - Dra. Ma. Cristina Cortinas Durán","isPartOf":{"@id":"https:\/\/cristinacortinas.org\/sustentabilidad\/#website"},"datePublished":"2016-04-07T03:58:10+00:00","dateModified":"2016-04-27T18:13:09+00:00","breadcrumb":{"@id":"https:\/\/cristinacortinas.org\/sustentabilidad\/acuerdo-de-cooperacion-ambiental-de-america-del-norte\/#breadcrumb"},"inLanguage":"es","potentialAction":[{"@type":"ReadAction","target":["https:\/\/cristinacortinas.org\/sustentabilidad\/acuerdo-de-cooperacion-ambiental-de-america-del-norte\/"]}]},{"@type":"BreadcrumbList","@id":"https:\/\/cristinacortinas.org\/sustentabilidad\/acuerdo-de-cooperacion-ambiental-de-america-del-norte\/#breadcrumb","itemListElement":[{"@type":"ListItem","position":1,"name":"Portada","item":"https:\/\/cristinacortinas.org\/sustentabilidad\/"},{"@type":"ListItem","position":2,"name":"Acuerdo de Cooperación Ambiental de América del Norte"}]},{"@type":"WebSite","@id":"https:\/\/cristinacortinas.org\/sustentabilidad\/#website","url":"https:\/\/cristinacortinas.org\/sustentabilidad\/","name":"Dra. Ma. Cristina Cortinas Durán","description":"","potentialAction":[{"@type":"SearchAction","target":{"@type":"EntryPoint","urlTemplate":"https:\/\/cristinacortinas.org\/sustentabilidad\/?s={search_term_string}"},"query-input":{"@type":"PropertyValueSpecification","valueRequired":true,"valueName":"search_term_string"}}],"inLanguage":"es"}]}</script>
<!-- / Yoast SEO plugin. -->

Acuerdo de Cooperación Ambiental de América del Norte - Dra. Ma. Cristina Cortinas Durán

Dra. Ma. Cristina Cortinas Durán
