{"id":2529,"date":"2016-03-14T11:45:48","date_gmt":"2016-03-14T17:45:48","guid":{"rendered":"http:\/\/cristinacortinas.org\/sustentabilidad\/?page_id=2529"},"modified":"2016-03-22T07:42:33","modified_gmt":"2016-03-22T13:42:33","slug":"conferencias-estocolmo","status":"publish","type":"page","link":"https:\/\/cristinacortinas.org\/sustentabilidad\/conferencias-estocolmo\/","title":{"rendered":"Conferencias Estocolmo"},"content":{"rendered":"<div class=\"span12 \"><div class=\"title-box clearfix \"><h2 class=\"title-box_primary\">documentos<\/h2><\/div><!-- \/\/.title-box --><\/div>\n<hr \/>\n<div class=\"span7 \"><div class='w3eden'><!-- WPDM Link Template: Default Template -->\n\n<div class=\"link-template-default card mb-2\">\n    <div class=\"card-body\">\n        <div class=\"media\">\n            <div class=\"mr-3 img-48\"><img decoding=\"async\" class=\"wpdm_icon\" alt=\"Icono\"   src=\"http:\/\/cristinacortinas.org\/sustentabilidad\/wp-content\/plugins\/download-manager\/assets\/file-type-icons\/pptx.png\" \/><\/div>\n            <div class=\"media-body\">\n                <h3 class=\"package-title\"><a href='https:\/\/cristinacortinas.org\/sustentabilidad\/download\/analisis-cronologico-del-proceso-de-sustentacion-del-pni-a-2006\/'>An\u00e1lisis Cronol\u00f3gico del Proceso de Sustentaci\u00f3n del PNI a 2006<\/a><\/h3>\n                <div class=\"text-muted text-small\"><i class=\"fas fa-copy\"><\/i> 1 archivo(s) <i class=\"fas fa-hdd ml-3\"><\/i> 624.00 KB<\/div>\n            <\/div>\n            <div class=\"ml-3\">\n                <a class='wpdm-download-link download-on-click btn btn-info ' rel='nofollow' href='#' data-downloadurl=\"https:\/\/cristinacortinas.org\/sustentabilidad\/download\/analisis-cronologico-del-proceso-de-sustentacion-del-pni-a-2006\/?wpdmdl=2531&refresh=69f27a6ff40581777498735\">Descargar<\/a>\n            <\/div>\n        <\/div>\n    <\/div>\n<\/div>\n\n<\/div>\n<hr \/>\n<div class='w3eden'><!-- WPDM Link Template: Default Template -->\n\n<div class=\"link-template-default card mb-2\">\n    <div class=\"card-body\">\n        <div class=\"media\">\n            <div class=\"mr-3 img-48\"><img decoding=\"async\" class=\"wpdm_icon\" alt=\"Icono\"   src=\"http:\/\/cristinacortinas.org\/sustentabilidad\/wp-content\/plugins\/download-manager\/assets\/file-type-icons\/pptx.png\" \/><\/div>\n            <div class=\"media-body\">\n                <h3 class=\"package-title\"><a href='https:\/\/cristinacortinas.org\/sustentabilidad\/download\/antecedentes-del-plan-de-accion-sobre-efectos-de-cop-en-salud-y-ambiente\/'>Antecedentes del Plan de Acci\u00f3n sobre Efectos de COP en Salud y Ambiente<\/a><\/h3>\n                <div class=\"text-muted text-small\"><i class=\"fas fa-copy\"><\/i> 1 archivo(s) <i class=\"fas fa-hdd ml-3\"><\/i> 178.98 KB<\/div>\n            <\/div>\n            <div class=\"ml-3\">\n                <a class='wpdm-download-link download-on-click btn btn-info ' rel='nofollow' href='#' data-downloadurl=\"https:\/\/cristinacortinas.org\/sustentabilidad\/download\/antecedentes-del-plan-de-accion-sobre-efectos-de-cop-en-salud-y-ambiente\/?wpdmdl=2533&refresh=69f27a7004fb71777498736\">Descargar<\/a>\n            <\/div>\n        <\/div>\n    <\/div>\n<\/div>\n\n<\/div>\n<hr \/>\n<div class='w3eden'><!-- WPDM Link Template: Default Template -->\n\n<div class=\"link-template-default card mb-2\">\n    <div class=\"card-body\">\n        <div class=\"media\">\n            <div class=\"mr-3 img-48\"><img decoding=\"async\" class=\"wpdm_icon\" alt=\"Icono\"   src=\"http:\/\/cristinacortinas.org\/sustentabilidad\/wp-content\/plugins\/download-manager\/assets\/file-type-icons\/pptx.png\" \/><\/div>\n            <div class=\"media-body\">\n                <h3 class=\"package-title\"><a href='https:\/\/cristinacortinas.org\/sustentabilidad\/download\/actualizacion-del-plan-de-accion-evaluacion-de-los-efectos-de-los-cop-en-la-salud-y-el-ambiente-y-de-sus-implicaciones-socioeconomicas-2015\/'>Actualizaci\u00f3n del Plan de Acci\u00f3n \u201cEvaluaci\u00f3n de los Efectos de los COP en la Salud y el Ambiente y de sus Implicaciones Socioecon\u00f3micas\u201d 2015<\/a><\/h3>\n                <div class=\"text-muted text-small\"><i class=\"fas fa-copy\"><\/i> 1 archivo(s) <i class=\"fas fa-hdd ml-3\"><\/i> 792.76 KB<\/div>\n            <\/div>\n            <div class=\"ml-3\">\n                <a class='wpdm-download-link download-on-click btn btn-info ' rel='nofollow' href='#' data-downloadurl=\"https:\/\/cristinacortinas.org\/sustentabilidad\/download\/actualizacion-del-plan-de-accion-evaluacion-de-los-efectos-de-los-cop-en-la-salud-y-el-ambiente-y-de-sus-implicaciones-socioeconomicas-2015\/?wpdmdl=2126&refresh=69f27a70091f01777498736\">Descargar<\/a>\n            <\/div>\n        <\/div>\n    <\/div>\n<\/div>\n\n<\/div>\n<hr \/>\n<div class='w3eden'><!-- WPDM Link Template: Default Template -->\n\n<div class=\"link-template-default card mb-2\">\n    <div class=\"card-body\">\n        <div class=\"media\">\n            <div class=\"mr-3 img-48\"><img decoding=\"async\" class=\"wpdm_icon\" alt=\"Icono\"   src=\"http:\/\/cristinacortinas.org\/sustentabilidad\/wp-content\/plugins\/download-manager\/assets\/file-type-icons\/pptx.png\" \/><\/div>\n            <div class=\"media-body\">\n                <h3 class=\"package-title\"><a href='https:\/\/cristinacortinas.org\/sustentabilidad\/download\/resumen-y-propuesta-de-actualizacion-del-plan-de-accion-sobre-evaluacion-de-los-efectos-de-los-cop-en-la-salud-y-el-ambiente-y-de-sus-implicaciones-socioeconomicas\/'>Resumen y Propuesta de Actualizaci\u00f3n del Plan de Acci\u00f3n sobre \u201cEvaluaci\u00f3n de los Efectos de los COP en la Salud y el Ambiente y de sus Implicaciones Socioecon\u00f3micas<\/a><\/h3>\n                <div class=\"text-muted text-small\"><i class=\"fas fa-copy\"><\/i> 1 archivo(s) <i class=\"fas fa-hdd ml-3\"><\/i> 842.29 KB<\/div>\n            <\/div>\n            <div class=\"ml-3\">\n                <a class='wpdm-download-link download-on-click btn btn-info ' rel='nofollow' href='#' data-downloadurl=\"https:\/\/cristinacortinas.org\/sustentabilidad\/download\/resumen-y-propuesta-de-actualizacion-del-plan-de-accion-sobre-evaluacion-de-los-efectos-de-los-cop-en-la-salud-y-el-ambiente-y-de-sus-implicaciones-socioeconomicas\/?wpdmdl=2646&refresh=69f27a700d5501777498736\">Descargar<\/a>\n            <\/div>\n        <\/div>\n    <\/div>\n<\/div>\n\n<\/div><\/div>\n","protected":false},"excerpt":{"rendered":"","protected":false},"author":1,"featured_media":0,"parent":0,"menu_order":0,"comment_status":"closed","ping_status":"closed","template":"","meta":{"footnotes":""},"class_list":["post-2529","page","type-page","status-publish","hentry"],"yoast_head":"<!-- This site is optimized with the Yoast SEO plugin v27.4 - https:\/\/yoast.com\/product\/yoast-seo-wordpress\/ -->\n<title>Conferencias Estocolmo - Dra. Ma. Cristina Cortinas Dur\u00e1n<\/title>\n<meta name=\"robots\" content=\"index, follow, max-snippet:-1, max-image-preview:large, max-video-preview:-1\" \/>\n<link rel=\"canonical\" href=\"https:\/\/cristinacortinas.org\/sustentabilidad\/conferencias-estocolmo\/\" \/>\n<meta property=\"og:locale\" content=\"es_ES\" \/>\n<meta property=\"og:type\" content=\"article\" \/>\n<meta property=\"og:title\" content=\"Conferencias Estocolmo - Dra. Ma. Cristina Cortinas Dur\u00e1n\" \/>\n<meta property=\"og:url\" content=\"https:\/\/cristinacortinas.org\/sustentabilidad\/conferencias-estocolmo\/\" \/>\n<meta property=\"og:site_name\" content=\"Dra. Ma. Cristina Cortinas Dur\u00e1n\" \/>\n<meta property=\"article:publisher\" content=\"https:\/\/www.facebook.com\/cristinacortinasduran\/\" \/>\n<meta property=\"article:modified_time\" content=\"2016-03-22T13:42:33+00:00\" \/>\n<meta name=\"twitter:card\" content=\"summary_large_image\" \/>\n<meta name=\"twitter:site\" content=\"@DraCrisCortinas\" \/>\n<script type=\"application\/ld+json\" class=\"yoast-schema-graph\">{\"@context\":\"https:\\\/\\\/schema.org\",\"@graph\":[{\"@type\":\"WebPage\",\"@id\":\"https:\\\/\\\/cristinacortinas.org\\\/sustentabilidad\\\/conferencias-estocolmo\\\/\",\"url\":\"https:\\\/\\\/cristinacortinas.org\\\/sustentabilidad\\\/conferencias-estocolmo\\\/\",\"name\":\"Conferencias Estocolmo - Dra. Ma. Cristina Cortinas Dur\u00e1n\",\"isPartOf\":{\"@id\":\"https:\\\/\\\/cristinacortinas.org\\\/sustentabilidad\\\/#website\"},\"datePublished\":\"2016-03-14T17:45:48+00:00\",\"dateModified\":\"2016-03-22T13:42:33+00:00\",\"breadcrumb\":{\"@id\":\"https:\\\/\\\/cristinacortinas.org\\\/sustentabilidad\\\/conferencias-estocolmo\\\/#breadcrumb\"},\"inLanguage\":\"es\",\"potentialAction\":[{\"@type\":\"ReadAction\",\"target\":[\"https:\\\/\\\/cristinacortinas.org\\\/sustentabilidad\\\/conferencias-estocolmo\\\/\"]}]},{\"@type\":\"BreadcrumbList\",\"@id\":\"https:\\\/\\\/cristinacortinas.org\\\/sustentabilidad\\\/conferencias-estocolmo\\\/#breadcrumb\",\"itemListElement\":[{\"@type\":\"ListItem\",\"position\":1,\"name\":\"Portada\",\"item\":\"https:\\\/\\\/cristinacortinas.org\\\/sustentabilidad\\\/\"},{\"@type\":\"ListItem\",\"position\":2,\"name\":\"Conferencias Estocolmo\"}]},{\"@type\":\"WebSite\",\"@id\":\"https:\\\/\\\/cristinacortinas.org\\\/sustentabilidad\\\/#website\",\"url\":\"https:\\\/\\\/cristinacortinas.org\\\/sustentabilidad\\\/\",\"name\":\"Dra. Ma. Cristina Cortinas Dur\u00e1n\",\"description\":\"\",\"potentialAction\":[{\"@type\":\"SearchAction\",\"target\":{\"@type\":\"EntryPoint\",\"urlTemplate\":\"https:\\\/\\\/cristinacortinas.org\\\/sustentabilidad\\\/?s={search_term_string}\"},\"query-input\":{\"@type\":\"PropertyValueSpecification\",\"valueRequired\":true,\"valueName\":\"search_term_string\"}}],\"inLanguage\":\"es\"}]}<\/script>\n<!-- \/ Yoast SEO plugin. -->","yoast_head_json":{"title":"Conferencias Estocolmo - Dra. Ma. Cristina Cortinas Dur\u00e1n","robots":{"index":"index","follow":"follow","max-snippet":"max-snippet:-1","max-image-preview":"max-image-preview:large","max-video-preview":"max-video-preview:-1"},"canonical":"https:\/\/cristinacortinas.org\/sustentabilidad\/conferencias-estocolmo\/","og_locale":"es_ES","og_type":"article","og_title":"Conferencias Estocolmo - Dra. Ma. Cristina Cortinas Dur\u00e1n","og_url":"https:\/\/cristinacortinas.org\/sustentabilidad\/conferencias-estocolmo\/","og_site_name":"Dra. Ma. Cristina Cortinas Dur\u00e1n","article_publisher":"https:\/\/www.facebook.com\/cristinacortinasduran\/","article_modified_time":"2016-03-22T13:42:33+00:00","twitter_card":"summary_large_image","twitter_site":"@DraCrisCortinas","schema":{"@context":"https:\/\/schema.org","@graph":[{"@type":"WebPage","@id":"https:\/\/cristinacortinas.org\/sustentabilidad\/conferencias-estocolmo\/","url":"https:\/\/cristinacortinas.org\/sustentabilidad\/conferencias-estocolmo\/","name":"Conferencias Estocolmo - Dra. Ma. Cristina Cortinas Dur\u00e1n","isPartOf":{"@id":"https:\/\/cristinacortinas.org\/sustentabilidad\/#website"},"datePublished":"2016-03-14T17:45:48+00:00","dateModified":"2016-03-22T13:42:33+00:00","breadcrumb":{"@id":"https:\/\/cristinacortinas.org\/sustentabilidad\/conferencias-estocolmo\/#breadcrumb"},"inLanguage":"es","potentialAction":[{"@type":"ReadAction","target":["https:\/\/cristinacortinas.org\/sustentabilidad\/conferencias-estocolmo\/"]}]},{"@type":"BreadcrumbList","@id":"https:\/\/cristinacortinas.org\/sustentabilidad\/conferencias-estocolmo\/#breadcrumb","itemListElement":[{"@type":"ListItem","position":1,"name":"Portada","item":"https:\/\/cristinacortinas.org\/sustentabilidad\/"},{"@type":"ListItem","position":2,"name":"Conferencias Estocolmo"}]},{"@type":"WebSite","@id":"https:\/\/cristinacortinas.org\/sustentabilidad\/#website","url":"https:\/\/cristinacortinas.org\/sustentabilidad\/","name":"Dra. Ma. Cristina Cortinas Dur\u00e1n","description":"","potentialAction":[{"@type":"SearchAction","target":{"@type":"EntryPoint","urlTemplate":"https:\/\/cristinacortinas.org\/sustentabilidad\/?s={search_term_string}"},"query-input":{"@type":"PropertyValueSpecification","valueRequired":true,"valueName":"search_term_string"}}],"inLanguage":"es"}]}},"_links":{"self":[{"href":"https:\/\/cristinacortinas.org\/sustentabilidad\/wp-json\/wp\/v2\/pages\/2529","targetHints":{"allow":["GET"]}}],"collection":[{"href":"https:\/\/cristinacortinas.org\/sustentabilidad\/wp-json\/wp\/v2\/pages"}],"about":[{"href":"https:\/\/cristinacortinas.org\/sustentabilidad\/wp-json\/wp\/v2\/types\/page"}],"author":[{"embeddable":true,"href":"https:\/\/cristinacortinas.org\/sustentabilidad\/wp-json\/wp\/v2\/users\/1"}],"replies":[{"embeddable":true,"href":"https:\/\/cristinacortinas.org\/sustentabilidad\/wp-json\/wp\/v2\/comments?post=2529"}],"version-history":[{"count":4,"href":"https:\/\/cristinacortinas.org\/sustentabilidad\/wp-json\/wp\/v2\/pages\/2529\/revisions"}],"predecessor-version":[{"id":2648,"href":"https:\/\/cristinacortinas.org\/sustentabilidad\/wp-json\/wp\/v2\/pages\/2529\/revisions\/2648"}],"wp:attachment":[{"href":"https:\/\/cristinacortinas.org\/sustentabilidad\/wp-json\/wp\/v2\/media?parent=2529"}],"curies":[{"name":"wp","href":"https:\/\/api.w.org\/{rel}","templated":true}]}}

<div class="span12 "><div class="title-box clearfix "><h2 class="title-box_primary">documentos</h2></div><!-- //.title-box --></div>
<hr />
<div class="span7 "><div class='w3eden'><!-- WPDM Link Template: Default Template -->

<div class="link-template-default card mb-2">
    <div class="card-body">
        <div class="media">
            <div class="mr-3 img-48"><img decoding="async" class="wpdm_icon" alt="Icono"   src="http://cristinacortinas.org/sustentabilidad/wp-content/plugins/download-manager/assets/file-type-icons/pptx.png" /></div>
            <div class="media-body">
                <h3 class="package-title"><a href='https://cristinacortinas.org/sustentabilidad/download/analisis-cronologico-del-proceso-de-sustentacion-del-pni-a-2006/'>Análisis Cronológico del Proceso de Sustentación del PNI a 2006</a></h3>
                <div class="text-muted text-small"><i class="fas fa-copy"></i> 1 archivo(s) <i class="fas fa-hdd ml-3"></i> 624.00 KB</div>
            </div>
            <div class="ml-3">
                <a class='wpdm-download-link download-on-click btn btn-info ' rel='nofollow' href='#' data-downloadurl="https://cristinacortinas.org/sustentabilidad/download/analisis-cronologico-del-proceso-de-sustentacion-del-pni-a-2006/?wpdmdl=2531&refresh=69f27a6ff40581777498735">Descargar</a>
            </div>
        </div>
    </div>
</div>

</div>
<hr />
<div class='w3eden'><!-- WPDM Link Template: Default Template -->

<div class="link-template-default card mb-2">
    <div class="card-body">
        <div class="media">
            <div class="mr-3 img-48"><img decoding="async" class="wpdm_icon" alt="Icono"   src="http://cristinacortinas.org/sustentabilidad/wp-content/plugins/download-manager/assets/file-type-icons/pptx.png" /></div>
            <div class="media-body">
                <h3 class="package-title"><a href='https://cristinacortinas.org/sustentabilidad/download/antecedentes-del-plan-de-accion-sobre-efectos-de-cop-en-salud-y-ambiente/'>Antecedentes del Plan de Acción sobre Efectos de COP en Salud y Ambiente</a></h3>
                <div class="text-muted text-small"><i class="fas fa-copy"></i> 1 archivo(s) <i class="fas fa-hdd ml-3"></i> 178.98 KB</div>
            </div>
            <div class="ml-3">
                <a class='wpdm-download-link download-on-click btn btn-info ' rel='nofollow' href='#' data-downloadurl="https://cristinacortinas.org/sustentabilidad/download/antecedentes-del-plan-de-accion-sobre-efectos-de-cop-en-salud-y-ambiente/?wpdmdl=2533&refresh=69f27a7004fb71777498736">Descargar</a>
            </div>
        </div>
    </div>
</div>

</div>
<hr />
<div class='w3eden'><!-- WPDM Link Template: Default Template -->

<div class="link-template-default card mb-2">
    <div class="card-body">
        <div class="media">
            <div class="mr-3 img-48"><img decoding="async" class="wpdm_icon" alt="Icono"   src="http://cristinacortinas.org/sustentabilidad/wp-content/plugins/download-manager/assets/file-type-icons/pptx.png" /></div>
            <div class="media-body">
                <h3 class="package-title"><a href='https://cristinacortinas.org/sustentabilidad/download/actualizacion-del-plan-de-accion-evaluacion-de-los-efectos-de-los-cop-en-la-salud-y-el-ambiente-y-de-sus-implicaciones-socioeconomicas-2015/'>Actualización del Plan de Acción “Evaluación de los Efectos de los COP en la Salud y el Ambiente y de sus Implicaciones Socioeconómicas” 2015</a></h3>
                <div class="text-muted text-small"><i class="fas fa-copy"></i> 1 archivo(s) <i class="fas fa-hdd ml-3"></i> 792.76 KB</div>
            </div>
            <div class="ml-3">
                <a class='wpdm-download-link download-on-click btn btn-info ' rel='nofollow' href='#' data-downloadurl="https://cristinacortinas.org/sustentabilidad/download/actualizacion-del-plan-de-accion-evaluacion-de-los-efectos-de-los-cop-en-la-salud-y-el-ambiente-y-de-sus-implicaciones-socioeconomicas-2015/?wpdmdl=2126&refresh=69f27a70091f01777498736">Descargar</a>
            </div>
        </div>
    </div>
</div>

</div>
<hr />
<div class='w3eden'><!-- WPDM Link Template: Default Template -->

<div class="link-template-default card mb-2">
    <div class="card-body">
        <div class="media">
            <div class="mr-3 img-48"><img decoding="async" class="wpdm_icon" alt="Icono"   src="http://cristinacortinas.org/sustentabilidad/wp-content/plugins/download-manager/assets/file-type-icons/pptx.png" /></div>
            <div class="media-body">
                <h3 class="package-title"><a href='https://cristinacortinas.org/sustentabilidad/download/resumen-y-propuesta-de-actualizacion-del-plan-de-accion-sobre-evaluacion-de-los-efectos-de-los-cop-en-la-salud-y-el-ambiente-y-de-sus-implicaciones-socioeconomicas/'>Resumen y Propuesta de Actualización del Plan de Acción sobre “Evaluación de los Efectos de los COP en la Salud y el Ambiente y de sus Implicaciones Socioeconómicas</a></h3>
                <div class="text-muted text-small"><i class="fas fa-copy"></i> 1 archivo(s) <i class="fas fa-hdd ml-3"></i> 842.29 KB</div>
            </div>
            <div class="ml-3">
                <a class='wpdm-download-link download-on-click btn btn-info ' rel='nofollow' href='#' data-downloadurl="https://cristinacortinas.org/sustentabilidad/download/resumen-y-propuesta-de-actualizacion-del-plan-de-accion-sobre-evaluacion-de-los-efectos-de-los-cop-en-la-salud-y-el-ambiente-y-de-sus-implicaciones-socioeconomicas/?wpdmdl=2646&refresh=69f27a700d5501777498736">Descargar</a>
            </div>
        </div>
    </div>
</div>

</div></div>

<!-- This site is optimized with the Yoast SEO plugin v27.4 - https://yoast.com/product/yoast-seo-wordpress/ -->
<title>Conferencias Estocolmo - Dra. Ma. Cristina Cortinas Durán</title>
<meta name="robots" content="index, follow, max-snippet:-1, max-image-preview:large, max-video-preview:-1" />
<link rel="canonical" href="https://cristinacortinas.org/sustentabilidad/conferencias-estocolmo/" />
<meta property="og:locale" content="es_ES" />
<meta property="og:type" content="article" />
<meta property="og:title" content="Conferencias Estocolmo - Dra. Ma. Cristina Cortinas Durán" />
<meta property="og:url" content="https://cristinacortinas.org/sustentabilidad/conferencias-estocolmo/" />
<meta property="og:site_name" content="Dra. Ma. Cristina Cortinas Durán" />
<meta property="article:publisher" content="https://www.facebook.com/cristinacortinasduran/" />
<meta property="article:modified_time" content="2016-03-22T13:42:33+00:00" />
<meta name="twitter:card" content="summary_large_image" />
<meta name="twitter:site" content="@DraCrisCortinas" />
<script type="application/ld+json" class="yoast-schema-graph">{"@context":"https:\/\/schema.org","@graph":[{"@type":"WebPage","@id":"https:\/\/cristinacortinas.org\/sustentabilidad\/conferencias-estocolmo\/","url":"https:\/\/cristinacortinas.org\/sustentabilidad\/conferencias-estocolmo\/","name":"Conferencias Estocolmo - Dra. Ma. Cristina Cortinas Durán","isPartOf":{"@id":"https:\/\/cristinacortinas.org\/sustentabilidad\/#website"},"datePublished":"2016-03-14T17:45:48+00:00","dateModified":"2016-03-22T13:42:33+00:00","breadcrumb":{"@id":"https:\/\/cristinacortinas.org\/sustentabilidad\/conferencias-estocolmo\/#breadcrumb"},"inLanguage":"es","potentialAction":[{"@type":"ReadAction","target":["https:\/\/cristinacortinas.org\/sustentabilidad\/conferencias-estocolmo\/"]}]},{"@type":"BreadcrumbList","@id":"https:\/\/cristinacortinas.org\/sustentabilidad\/conferencias-estocolmo\/#breadcrumb","itemListElement":[{"@type":"ListItem","position":1,"name":"Portada","item":"https:\/\/cristinacortinas.org\/sustentabilidad\/"},{"@type":"ListItem","position":2,"name":"Conferencias Estocolmo"}]},{"@type":"WebSite","@id":"https:\/\/cristinacortinas.org\/sustentabilidad\/#website","url":"https:\/\/cristinacortinas.org\/sustentabilidad\/","name":"Dra. Ma. Cristina Cortinas Durán","description":"","potentialAction":[{"@type":"SearchAction","target":{"@type":"EntryPoint","urlTemplate":"https:\/\/cristinacortinas.org\/sustentabilidad\/?s={search_term_string}"},"query-input":{"@type":"PropertyValueSpecification","valueRequired":true,"valueName":"search_term_string"}}],"inLanguage":"es"}]}</script>
<!-- / Yoast SEO plugin. -->

Conferencias Estocolmo - Dra. Ma. Cristina Cortinas Durán

Dra. Ma. Cristina Cortinas Durán
