{"id":2641,"date":"2016-03-22T01:40:49","date_gmt":"2016-03-22T07:40:49","guid":{"rendered":"http:\/\/cristinacortinas.org\/sustentabilidad\/?post_type=mbdb_book&#038;p=2641"},"modified":"2023-09-13T18:48:48","modified_gmt":"2023-09-14T00:48:48","slug":"regulacion-y-gestion-de-quimicos-en-mexico-antes-del-ingreso-a-la-ocde","status":"publish","type":"mbdb_book","link":"https:\/\/cristinacortinas.org\/sustentabilidad\/book\/regulacion-y-gestion-de-quimicos-en-mexico-antes-del-ingreso-a-la-ocde\/","title":{"rendered":"Regulaci\u00f3n y Gesti\u00f3n de Qu\u00edmicos en M\u00e9xico antes del  Ingreso a la OCDE"},"author":1,"comment_status":"closed","ping_status":"closed","template":"","class_list":["post-2641","mbdb_book","type-mbdb_book","status-publish","hentry","mbdb_genre-medio-ambiente","mbdb_editor-semarnat","post"],"yoast_head":"<!-- This site is optimized with the Yoast SEO plugin v27.4 - https:\/\/yoast.com\/product\/yoast-seo-wordpress\/ -->\n<title>Regulaci\u00f3n y Gesti\u00f3n de Qu\u00edmicos en M\u00e9xico antes del Ingreso a la OCDE - Dra. Ma. Cristina Cortinas Dur\u00e1n<\/title>\n<meta name=\"robots\" content=\"index, follow, max-snippet:-1, max-image-preview:large, max-video-preview:-1\" \/>\n<link rel=\"canonical\" href=\"https:\/\/cristinacortinas.org\/sustentabilidad\/book\/regulacion-y-gestion-de-quimicos-en-mexico-antes-del-ingreso-a-la-ocde\/\" \/>\n<meta property=\"og:locale\" content=\"es_ES\" \/>\n<meta property=\"og:type\" content=\"article\" \/>\n<meta property=\"og:title\" content=\"Regulaci\u00f3n y Gesti\u00f3n de Qu\u00edmicos en M\u00e9xico antes del Ingreso a la OCDE - Dra. Ma. Cristina Cortinas Dur\u00e1n\" \/>\n<meta property=\"og:url\" content=\"https:\/\/cristinacortinas.org\/sustentabilidad\/book\/regulacion-y-gestion-de-quimicos-en-mexico-antes-del-ingreso-a-la-ocde\/\" \/>\n<meta property=\"og:site_name\" content=\"Dra. Ma. Cristina Cortinas Dur\u00e1n\" \/>\n<meta property=\"article:publisher\" content=\"https:\/\/www.facebook.com\/cristinacortinasduran\/\" \/>\n<meta property=\"article:modified_time\" content=\"2023-09-14T00:48:48+00:00\" \/>\n<meta name=\"twitter:card\" content=\"summary_large_image\" \/>\n<meta name=\"twitter:site\" content=\"@DraCrisCortinas\" \/>\n<script type=\"application\/ld+json\" class=\"yoast-schema-graph\">{\"@context\":\"https:\\\/\\\/schema.org\",\"@graph\":[{\"@type\":\"WebPage\",\"@id\":\"https:\\\/\\\/cristinacortinas.org\\\/sustentabilidad\\\/book\\\/regulacion-y-gestion-de-quimicos-en-mexico-antes-del-ingreso-a-la-ocde\\\/\",\"url\":\"https:\\\/\\\/cristinacortinas.org\\\/sustentabilidad\\\/book\\\/regulacion-y-gestion-de-quimicos-en-mexico-antes-del-ingreso-a-la-ocde\\\/\",\"name\":\"Regulaci\u00f3n y Gesti\u00f3n de Qu\u00edmicos en M\u00e9xico antes del Ingreso a la OCDE - Dra. Ma. Cristina Cortinas Dur\u00e1n\",\"isPartOf\":{\"@id\":\"https:\\\/\\\/cristinacortinas.org\\\/sustentabilidad\\\/#website\"},\"datePublished\":\"2016-03-22T07:40:49+00:00\",\"dateModified\":\"2023-09-14T00:48:48+00:00\",\"breadcrumb\":{\"@id\":\"https:\\\/\\\/cristinacortinas.org\\\/sustentabilidad\\\/book\\\/regulacion-y-gestion-de-quimicos-en-mexico-antes-del-ingreso-a-la-ocde\\\/#breadcrumb\"},\"inLanguage\":\"es\",\"potentialAction\":[{\"@type\":\"ReadAction\",\"target\":[\"https:\\\/\\\/cristinacortinas.org\\\/sustentabilidad\\\/book\\\/regulacion-y-gestion-de-quimicos-en-mexico-antes-del-ingreso-a-la-ocde\\\/\"]}]},{\"@type\":\"BreadcrumbList\",\"@id\":\"https:\\\/\\\/cristinacortinas.org\\\/sustentabilidad\\\/book\\\/regulacion-y-gestion-de-quimicos-en-mexico-antes-del-ingreso-a-la-ocde\\\/#breadcrumb\",\"itemListElement\":[{\"@type\":\"ListItem\",\"position\":1,\"name\":\"Portada\",\"item\":\"https:\\\/\\\/cristinacortinas.org\\\/sustentabilidad\\\/\"},{\"@type\":\"ListItem\",\"position\":2,\"name\":\"Books\",\"item\":\"https:\\\/\\\/cristinacortinas.org\\\/sustentabilidad\\\/book\\\/\"},{\"@type\":\"ListItem\",\"position\":3,\"name\":\"Regulaci\u00f3n y Gesti\u00f3n de Qu\u00edmicos en M\u00e9xico antes del Ingreso a la OCDE\"}]},{\"@type\":\"WebSite\",\"@id\":\"https:\\\/\\\/cristinacortinas.org\\\/sustentabilidad\\\/#website\",\"url\":\"https:\\\/\\\/cristinacortinas.org\\\/sustentabilidad\\\/\",\"name\":\"Dra. Ma. Cristina Cortinas Dur\u00e1n\",\"description\":\"\",\"potentialAction\":[{\"@type\":\"SearchAction\",\"target\":{\"@type\":\"EntryPoint\",\"urlTemplate\":\"https:\\\/\\\/cristinacortinas.org\\\/sustentabilidad\\\/?s={search_term_string}\"},\"query-input\":{\"@type\":\"PropertyValueSpecification\",\"valueRequired\":true,\"valueName\":\"search_term_string\"}}],\"inLanguage\":\"es\"}]}<\/script>\n<!-- \/ Yoast SEO plugin. -->","yoast_head_json":{"title":"Regulaci\u00f3n y Gesti\u00f3n de Qu\u00edmicos en M\u00e9xico antes del Ingreso a la OCDE - Dra. Ma. Cristina Cortinas Dur\u00e1n","robots":{"index":"index","follow":"follow","max-snippet":"max-snippet:-1","max-image-preview":"max-image-preview:large","max-video-preview":"max-video-preview:-1"},"canonical":"https:\/\/cristinacortinas.org\/sustentabilidad\/book\/regulacion-y-gestion-de-quimicos-en-mexico-antes-del-ingreso-a-la-ocde\/","og_locale":"es_ES","og_type":"article","og_title":"Regulaci\u00f3n y Gesti\u00f3n de Qu\u00edmicos en M\u00e9xico antes del Ingreso a la OCDE - Dra. Ma. Cristina Cortinas Dur\u00e1n","og_url":"https:\/\/cristinacortinas.org\/sustentabilidad\/book\/regulacion-y-gestion-de-quimicos-en-mexico-antes-del-ingreso-a-la-ocde\/","og_site_name":"Dra. Ma. Cristina Cortinas Dur\u00e1n","article_publisher":"https:\/\/www.facebook.com\/cristinacortinasduran\/","article_modified_time":"2023-09-14T00:48:48+00:00","twitter_card":"summary_large_image","twitter_site":"@DraCrisCortinas","schema":{"@context":"https:\/\/schema.org","@graph":[{"@type":"WebPage","@id":"https:\/\/cristinacortinas.org\/sustentabilidad\/book\/regulacion-y-gestion-de-quimicos-en-mexico-antes-del-ingreso-a-la-ocde\/","url":"https:\/\/cristinacortinas.org\/sustentabilidad\/book\/regulacion-y-gestion-de-quimicos-en-mexico-antes-del-ingreso-a-la-ocde\/","name":"Regulaci\u00f3n y Gesti\u00f3n de Qu\u00edmicos en M\u00e9xico antes del Ingreso a la OCDE - Dra. Ma. Cristina Cortinas Dur\u00e1n","isPartOf":{"@id":"https:\/\/cristinacortinas.org\/sustentabilidad\/#website"},"datePublished":"2016-03-22T07:40:49+00:00","dateModified":"2023-09-14T00:48:48+00:00","breadcrumb":{"@id":"https:\/\/cristinacortinas.org\/sustentabilidad\/book\/regulacion-y-gestion-de-quimicos-en-mexico-antes-del-ingreso-a-la-ocde\/#breadcrumb"},"inLanguage":"es","potentialAction":[{"@type":"ReadAction","target":["https:\/\/cristinacortinas.org\/sustentabilidad\/book\/regulacion-y-gestion-de-quimicos-en-mexico-antes-del-ingreso-a-la-ocde\/"]}]},{"@type":"BreadcrumbList","@id":"https:\/\/cristinacortinas.org\/sustentabilidad\/book\/regulacion-y-gestion-de-quimicos-en-mexico-antes-del-ingreso-a-la-ocde\/#breadcrumb","itemListElement":[{"@type":"ListItem","position":1,"name":"Portada","item":"https:\/\/cristinacortinas.org\/sustentabilidad\/"},{"@type":"ListItem","position":2,"name":"Books","item":"https:\/\/cristinacortinas.org\/sustentabilidad\/book\/"},{"@type":"ListItem","position":3,"name":"Regulaci\u00f3n y Gesti\u00f3n de Qu\u00edmicos en M\u00e9xico antes del Ingreso a la OCDE"}]},{"@type":"WebSite","@id":"https:\/\/cristinacortinas.org\/sustentabilidad\/#website","url":"https:\/\/cristinacortinas.org\/sustentabilidad\/","name":"Dra. Ma. Cristina Cortinas Dur\u00e1n","description":"","potentialAction":[{"@type":"SearchAction","target":{"@type":"EntryPoint","urlTemplate":"https:\/\/cristinacortinas.org\/sustentabilidad\/?s={search_term_string}"},"query-input":{"@type":"PropertyValueSpecification","valueRequired":true,"valueName":"search_term_string"}}],"inLanguage":"es"}]}},"_links":{"self":[{"href":"https:\/\/cristinacortinas.org\/sustentabilidad\/wp-json\/wp\/v2\/books\/2641","targetHints":{"allow":["GET"]}}],"collection":[{"href":"https:\/\/cristinacortinas.org\/sustentabilidad\/wp-json\/wp\/v2\/books"}],"about":[{"href":"https:\/\/cristinacortinas.org\/sustentabilidad\/wp-json\/wp\/v2\/types\/mbdb_book"}],"author":[{"embeddable":true,"href":"https:\/\/cristinacortinas.org\/sustentabilidad\/wp-json\/wp\/v2\/users\/1"}],"replies":[{"embeddable":true,"href":"https:\/\/cristinacortinas.org\/sustentabilidad\/wp-json\/wp\/v2\/comments?post=2641"}],"wp:attachment":[{"href":"https:\/\/cristinacortinas.org\/sustentabilidad\/wp-json\/wp\/v2\/media?parent=2641"}],"curies":[{"name":"wp","href":"https:\/\/api.w.org\/{rel}","templated":true}]}}

Regulación y Gestión de Químicos en México antes del  Ingreso a la OCDE

<!-- This site is optimized with the Yoast SEO plugin v27.4 - https://yoast.com/product/yoast-seo-wordpress/ -->
<title>Regulación y Gestión de Químicos en México antes del Ingreso a la OCDE - Dra. Ma. Cristina Cortinas Durán</title>
<meta name="robots" content="index, follow, max-snippet:-1, max-image-preview:large, max-video-preview:-1" />
<link rel="canonical" href="https://cristinacortinas.org/sustentabilidad/book/regulacion-y-gestion-de-quimicos-en-mexico-antes-del-ingreso-a-la-ocde/" />
<meta property="og:locale" content="es_ES" />
<meta property="og:type" content="article" />
<meta property="og:title" content="Regulación y Gestión de Químicos en México antes del Ingreso a la OCDE - Dra. Ma. Cristina Cortinas Durán" />
<meta property="og:url" content="https://cristinacortinas.org/sustentabilidad/book/regulacion-y-gestion-de-quimicos-en-mexico-antes-del-ingreso-a-la-ocde/" />
<meta property="og:site_name" content="Dra. Ma. Cristina Cortinas Durán" />
<meta property="article:publisher" content="https://www.facebook.com/cristinacortinasduran/" />
<meta property="article:modified_time" content="2023-09-14T00:48:48+00:00" />
<meta name="twitter:card" content="summary_large_image" />
<meta name="twitter:site" content="@DraCrisCortinas" />
<script type="application/ld+json" class="yoast-schema-graph">{"@context":"https:\/\/schema.org","@graph":[{"@type":"WebPage","@id":"https:\/\/cristinacortinas.org\/sustentabilidad\/book\/regulacion-y-gestion-de-quimicos-en-mexico-antes-del-ingreso-a-la-ocde\/","url":"https:\/\/cristinacortinas.org\/sustentabilidad\/book\/regulacion-y-gestion-de-quimicos-en-mexico-antes-del-ingreso-a-la-ocde\/","name":"Regulación y Gestión de Químicos en México antes del Ingreso a la OCDE - Dra. Ma. Cristina Cortinas Durán","isPartOf":{"@id":"https:\/\/cristinacortinas.org\/sustentabilidad\/#website"},"datePublished":"2016-03-22T07:40:49+00:00","dateModified":"2023-09-14T00:48:48+00:00","breadcrumb":{"@id":"https:\/\/cristinacortinas.org\/sustentabilidad\/book\/regulacion-y-gestion-de-quimicos-en-mexico-antes-del-ingreso-a-la-ocde\/#breadcrumb"},"inLanguage":"es","potentialAction":[{"@type":"ReadAction","target":["https:\/\/cristinacortinas.org\/sustentabilidad\/book\/regulacion-y-gestion-de-quimicos-en-mexico-antes-del-ingreso-a-la-ocde\/"]}]},{"@type":"BreadcrumbList","@id":"https:\/\/cristinacortinas.org\/sustentabilidad\/book\/regulacion-y-gestion-de-quimicos-en-mexico-antes-del-ingreso-a-la-ocde\/#breadcrumb","itemListElement":[{"@type":"ListItem","position":1,"name":"Portada","item":"https:\/\/cristinacortinas.org\/sustentabilidad\/"},{"@type":"ListItem","position":2,"name":"Books","item":"https:\/\/cristinacortinas.org\/sustentabilidad\/book\/"},{"@type":"ListItem","position":3,"name":"Regulación y Gestión de Químicos en México antes del Ingreso a la OCDE"}]},{"@type":"WebSite","@id":"https:\/\/cristinacortinas.org\/sustentabilidad\/#website","url":"https:\/\/cristinacortinas.org\/sustentabilidad\/","name":"Dra. Ma. Cristina Cortinas Durán","description":"","potentialAction":[{"@type":"SearchAction","target":{"@type":"EntryPoint","urlTemplate":"https:\/\/cristinacortinas.org\/sustentabilidad\/?s={search_term_string}"},"query-input":{"@type":"PropertyValueSpecification","valueRequired":true,"valueName":"search_term_string"}}],"inLanguage":"es"}]}</script>
<!-- / Yoast SEO plugin. -->

Regulación y Gestión de Químicos en México antes del Ingreso a la OCDE - Dra. Ma. Cristina Cortinas Durán

Dra. Ma. Cristina Cortinas Durán

Regulación y Gestión de Químicos en México antes del Ingreso a la OCDE
